{"id":298,"date":"2023-05-03T07:28:30","date_gmt":"2023-05-03T11:28:30","guid":{"rendered":"https:\/\/spiritsofchile.cl\/spofch\/?post_type=product&#038;p=298"},"modified":"2023-05-24T15:51:04","modified_gmt":"2023-05-24T19:51:04","slug":"copon-curve","status":"publish","type":"product","link":"https:\/\/spiritsofchile.cl\/spofch\/producto\/copon-curve\/","title":{"rendered":"Copa Curve"},"content":{"rendered":"<p>La copa conocida como \u201c<strong>Copa Bal\u00f3n<\/strong>\u201d es perfecta para vivir una experiencia \u00fanica al disfrutar nuestro <span style=\"color: #99cc00;\">Gin Curve<\/span>, en sus distintas preparaciones, acompa\u00f1ado de maravillosos bot\u00e1nicos que le dar\u00e1n estilo y elegancia a t\u00fa coctel.<\/p>\n","protected":false},"excerpt":{"rendered":"<p>La copa conocida como \u201cCopa Bal\u00f3n\u201d es perfecta para vivir una experiencia \u00fanica al disfrutar nuestro Gin Curve, en sus distintas preparaciones, acompa\u00f1ado de maravillosos bot\u00e1nicos que le dar\u00e1n estilo y elegancia a t\u00fa coctel.<\/p>\n","protected":false},"featured_media":299,"template":"","meta":{"_joinchat":[]},"product_brand":[],"product_cat":[54],"product_tag":[],"class_list":{"0":"post-298","1":"product","2":"type-product","3":"status-publish","4":"has-post-thumbnail","6":"product_cat-copas","8":"first","9":"instock","10":"taxable","11":"shipping-taxable","12":"purchasable","13":"product-type-simple"},"_links":{"self":[{"href":"https:\/\/spiritsofchile.cl\/spofch\/wp-json\/wp\/v2\/product\/298","targetHints":{"allow":["GET"]}}],"collection":[{"href":"https:\/\/spiritsofchile.cl\/spofch\/wp-json\/wp\/v2\/product"}],"about":[{"href":"https:\/\/spiritsofchile.cl\/spofch\/wp-json\/wp\/v2\/types\/product"}],"wp:featuredmedia":[{"embeddable":true,"href":"https:\/\/spiritsofchile.cl\/spofch\/wp-json\/wp\/v2\/media\/299"}],"wp:attachment":[{"href":"https:\/\/spiritsofchile.cl\/spofch\/wp-json\/wp\/v2\/media?parent=298"}],"wp:term":[{"taxonomy":"product_brand","embeddable":true,"href":"https:\/\/spiritsofchile.cl\/spofch\/wp-json\/wp\/v2\/product_brand?post=298"},{"taxonomy":"product_cat","embeddable":true,"href":"https:\/\/spiritsofchile.cl\/spofch\/wp-json\/wp\/v2\/product_cat?post=298"},{"taxonomy":"product_tag","embeddable":true,"href":"https:\/\/spiritsofchile.cl\/spofch\/wp-json\/wp\/v2\/product_tag?post=298"}],"curies":[{"name":"wp","href":"https:\/\/api.w.org\/{rel}","templated":true}]}}